
{"id":123417,"date":"2026-04-09T21:56:31","date_gmt":"2026-04-09T19:56:31","guid":{"rendered":"https:\/\/www.ebro-armaturen.com\/ecff_document\/technisches-datenblatt-clapeta-interpusa-intre-flanse-z011-as\/"},"modified":"2026-04-09T21:56:31","modified_gmt":"2026-04-09T19:56:31","slug":"technisches-datenblatt-clapeta-interpusa-intre-flanse-z011-as","status":"publish","type":"ecff_document","link":"https:\/\/www.ebro-armaturen.com\/pl\/ecff_document\/technisches-datenblatt-clapeta-interpusa-intre-flanse-z011-as\/","title":{"rendered":"Technisches Datenblatt  Clapet\u0103 interpus\u0103 \u00eentre flan\u0219e Z011-AS"},"featured_media":0,"template":"","meta":{"_acf_changed":false},"ecff_dokumentart":[354],"ecff_bauart":[406],"ecff_produktgruppe":[],"ecff_sprache":[407],"ecff_id":[644],"ecff_modell":[367],"ecff_version":[426],"class_list":["post-123417","ecff_document","type-ecff_document","status-publish","hentry","ecff_dokumentart-technisches-datenblatt","ecff_bauart-clapeta-interpusa-intre-flanse","ecff_sprache-ro","ecff_id-644","ecff_modell-z011-as","ecff_version-1-0"],"acf":[],"_links":{"self":[{"href":"https:\/\/www.ebro-armaturen.com\/pl\/wp-json\/wp\/v2\/ecff_document\/123417"}],"collection":[{"href":"https:\/\/www.ebro-armaturen.com\/pl\/wp-json\/wp\/v2\/ecff_document"}],"about":[{"href":"https:\/\/www.ebro-armaturen.com\/pl\/wp-json\/wp\/v2\/types\/ecff_document"}],"wp:attachment":[{"href":"https:\/\/www.ebro-armaturen.com\/pl\/wp-json\/wp\/v2\/media?parent=123417"}],"wp:term":[{"taxonomy":"ecff_dokumentart","embeddable":true,"href":"https:\/\/www.ebro-armaturen.com\/pl\/wp-json\/wp\/v2\/ecff_dokumentart?post=123417"},{"taxonomy":"ecff_bauart","embeddable":true,"href":"https:\/\/www.ebro-armaturen.com\/pl\/wp-json\/wp\/v2\/ecff_bauart?post=123417"},{"taxonomy":"ecff_produktgruppe","embeddable":true,"href":"https:\/\/www.ebro-armaturen.com\/pl\/wp-json\/wp\/v2\/ecff_produktgruppe?post=123417"},{"taxonomy":"ecff_sprache","embeddable":true,"href":"https:\/\/www.ebro-armaturen.com\/pl\/wp-json\/wp\/v2\/ecff_sprache?post=123417"},{"taxonomy":"ecff_id","embeddable":true,"href":"https:\/\/www.ebro-armaturen.com\/pl\/wp-json\/wp\/v2\/ecff_id?post=123417"},{"taxonomy":"ecff_modell","embeddable":true,"href":"https:\/\/www.ebro-armaturen.com\/pl\/wp-json\/wp\/v2\/ecff_modell?post=123417"},{"taxonomy":"ecff_version","embeddable":true,"href":"https:\/\/www.ebro-armaturen.com\/pl\/wp-json\/wp\/v2\/ecff_version?post=123417"}],"curies":[{"name":"wp","href":"https:\/\/api.w.org\/{rel}","templated":true}]}}

Technisches Datenblatt  Clapetă interpusă între flanșe Z011-AS
