
{"id":108822,"date":"2026-04-09T18:54:58","date_gmt":"2026-04-09T16:54:58","guid":{"rendered":"https:\/\/www.ebro-armaturen.com\/ecff_document\/betriebsanleitung-zentrische-klappen-weichdichtend-klapka-vlozene-priruby-z011-gmx-2\/"},"modified":"2026-04-09T18:54:58","modified_gmt":"2026-04-09T16:54:58","slug":"betriebsanleitung-zentrische-klappen-weichdichtend-klapka-vlozene-priruby-z011-gmx-2","status":"publish","type":"ecff_document","link":"https:\/\/www.ebro-armaturen.com\/pl\/ecff_document\/betriebsanleitung-zentrische-klappen-weichdichtend-klapka-vlozene-priruby-z011-gmx-2\/","title":{"rendered":"Betriebsanleitung Zentrische Klappen weichdichtend Klapka vlo\u017een\u00e9 p\u0159\u00edruby Z011-GMX"},"featured_media":0,"template":"","meta":{"_acf_changed":false},"ecff_dokumentart":[342],"ecff_bauart":[384],"ecff_produktgruppe":[366],"ecff_sprache":[385],"ecff_id":[375],"ecff_modell":[374],"ecff_version":[425],"class_list":["post-108822","ecff_document","type-ecff_document","status-publish","hentry","ecff_dokumentart-betriebsanleitung","ecff_bauart-klapka-vlozene-priruby","ecff_produktgruppe-zentrische-klappen-weichdichtend","ecff_sprache-cs","ecff_id-375","ecff_modell-z011-gmx","ecff_version-1-1"],"acf":[],"_links":{"self":[{"href":"https:\/\/www.ebro-armaturen.com\/pl\/wp-json\/wp\/v2\/ecff_document\/108822"}],"collection":[{"href":"https:\/\/www.ebro-armaturen.com\/pl\/wp-json\/wp\/v2\/ecff_document"}],"about":[{"href":"https:\/\/www.ebro-armaturen.com\/pl\/wp-json\/wp\/v2\/types\/ecff_document"}],"wp:attachment":[{"href":"https:\/\/www.ebro-armaturen.com\/pl\/wp-json\/wp\/v2\/media?parent=108822"}],"wp:term":[{"taxonomy":"ecff_dokumentart","embeddable":true,"href":"https:\/\/www.ebro-armaturen.com\/pl\/wp-json\/wp\/v2\/ecff_dokumentart?post=108822"},{"taxonomy":"ecff_bauart","embeddable":true,"href":"https:\/\/www.ebro-armaturen.com\/pl\/wp-json\/wp\/v2\/ecff_bauart?post=108822"},{"taxonomy":"ecff_produktgruppe","embeddable":true,"href":"https:\/\/www.ebro-armaturen.com\/pl\/wp-json\/wp\/v2\/ecff_produktgruppe?post=108822"},{"taxonomy":"ecff_sprache","embeddable":true,"href":"https:\/\/www.ebro-armaturen.com\/pl\/wp-json\/wp\/v2\/ecff_sprache?post=108822"},{"taxonomy":"ecff_id","embeddable":true,"href":"https:\/\/www.ebro-armaturen.com\/pl\/wp-json\/wp\/v2\/ecff_id?post=108822"},{"taxonomy":"ecff_modell","embeddable":true,"href":"https:\/\/www.ebro-armaturen.com\/pl\/wp-json\/wp\/v2\/ecff_modell?post=108822"},{"taxonomy":"ecff_version","embeddable":true,"href":"https:\/\/www.ebro-armaturen.com\/pl\/wp-json\/wp\/v2\/ecff_version?post=108822"}],"curies":[{"name":"wp","href":"https:\/\/api.w.org\/{rel}","templated":true}]}}

Betriebsanleitung Zentrische Klappen weichdichtend Klapka vložené příruby Z011-GMX
