
{"id":113589,"date":"2026-04-09T20:12:04","date_gmt":"2026-04-09T18:12:04","guid":{"rendered":"https:\/\/www.ebro-armaturen.com\/ecff_document\/betriebsanleitung-schaltkaesten-skrinovy-rozvadzac-sbu-io-link-2\/"},"modified":"2026-04-09T20:12:04","modified_gmt":"2026-04-09T18:12:04","slug":"betriebsanleitung-schaltkaesten-skrinovy-rozvadzac-sbu-io-link-2","status":"publish","type":"ecff_document","link":"https:\/\/www.ebro-armaturen.com\/hu\/ecff_document\/betriebsanleitung-schaltkaesten-skrinovy-rozvadzac-sbu-io-link-2\/","title":{"rendered":"Betriebsanleitung Schaltk\u00e4sten Skri\u0148ov\u00fd rozv\u00e1dza\u010d SBU IO-Link"},"featured_media":0,"template":"","meta":{"_acf_changed":false},"ecff_dokumentart":[342],"ecff_bauart":[561],"ecff_produktgruppe":[356],"ecff_sprache":[409],"ecff_id":[439],"ecff_modell":[438],"ecff_version":[426],"class_list":["post-113589","ecff_document","type-ecff_document","status-publish","hentry","ecff_dokumentart-betriebsanleitung","ecff_bauart-skrinovy-rozvadzac","ecff_produktgruppe-schaltkasten","ecff_sprache-sk","ecff_id-439","ecff_modell-sbu-io-link","ecff_version-1-0"],"acf":[],"_links":{"self":[{"href":"https:\/\/www.ebro-armaturen.com\/hu\/wp-json\/wp\/v2\/ecff_document\/113589"}],"collection":[{"href":"https:\/\/www.ebro-armaturen.com\/hu\/wp-json\/wp\/v2\/ecff_document"}],"about":[{"href":"https:\/\/www.ebro-armaturen.com\/hu\/wp-json\/wp\/v2\/types\/ecff_document"}],"wp:attachment":[{"href":"https:\/\/www.ebro-armaturen.com\/hu\/wp-json\/wp\/v2\/media?parent=113589"}],"wp:term":[{"taxonomy":"ecff_dokumentart","embeddable":true,"href":"https:\/\/www.ebro-armaturen.com\/hu\/wp-json\/wp\/v2\/ecff_dokumentart?post=113589"},{"taxonomy":"ecff_bauart","embeddable":true,"href":"https:\/\/www.ebro-armaturen.com\/hu\/wp-json\/wp\/v2\/ecff_bauart?post=113589"},{"taxonomy":"ecff_produktgruppe","embeddable":true,"href":"https:\/\/www.ebro-armaturen.com\/hu\/wp-json\/wp\/v2\/ecff_produktgruppe?post=113589"},{"taxonomy":"ecff_sprache","embeddable":true,"href":"https:\/\/www.ebro-armaturen.com\/hu\/wp-json\/wp\/v2\/ecff_sprache?post=113589"},{"taxonomy":"ecff_id","embeddable":true,"href":"https:\/\/www.ebro-armaturen.com\/hu\/wp-json\/wp\/v2\/ecff_id?post=113589"},{"taxonomy":"ecff_modell","embeddable":true,"href":"https:\/\/www.ebro-armaturen.com\/hu\/wp-json\/wp\/v2\/ecff_modell?post=113589"},{"taxonomy":"ecff_version","embeddable":true,"href":"https:\/\/www.ebro-armaturen.com\/hu\/wp-json\/wp\/v2\/ecff_version?post=113589"}],"curies":[{"name":"wp","href":"https:\/\/api.w.org\/{rel}","templated":true}]}}

Betriebsanleitung Schaltkästen Skriňový rozvádzač SBU IO-Link
