
{"id":112539,"date":"2026-04-09T19:55:12","date_gmt":"2026-04-09T17:55:12","guid":{"rendered":"https:\/\/www.ebro-armaturen.com\/ecff_document\/betriebsanleitung-zentrische-klappen-weichdichtend-starpflanca-taurinvarstu-z011-a-4\/"},"modified":"2026-04-09T19:55:12","modified_gmt":"2026-04-09T17:55:12","slug":"betriebsanleitung-zentrische-klappen-weichdichtend-starpflanca-taurinvarstu-z011-a-4","status":"publish","type":"ecff_document","link":"https:\/\/www.ebro-armaturen.com\/hu\/ecff_document\/betriebsanleitung-zentrische-klappen-weichdichtend-starpflanca-taurinvarstu-z011-a-4\/","title":{"rendered":"Betriebsanleitung Zentrische Klappen weichdichtend Starpflan\u010da tauri\u0146v\u0101rstu Z011-A"},"featured_media":0,"template":"","meta":{"_acf_changed":false},"ecff_dokumentart":[342],"ecff_bauart":[402],"ecff_produktgruppe":[366],"ecff_sprache":[403],"ecff_id":[369],"ecff_modell":[364],"ecff_version":[426],"class_list":["post-112539","ecff_document","type-ecff_document","status-publish","hentry","ecff_dokumentart-betriebsanleitung","ecff_bauart-starpflanca-taurinvarstu","ecff_produktgruppe-zentrische-klappen-weichdichtend","ecff_sprache-lv","ecff_id-369","ecff_modell-z011-a","ecff_version-1-0"],"acf":[],"_links":{"self":[{"href":"https:\/\/www.ebro-armaturen.com\/hu\/wp-json\/wp\/v2\/ecff_document\/112539"}],"collection":[{"href":"https:\/\/www.ebro-armaturen.com\/hu\/wp-json\/wp\/v2\/ecff_document"}],"about":[{"href":"https:\/\/www.ebro-armaturen.com\/hu\/wp-json\/wp\/v2\/types\/ecff_document"}],"wp:attachment":[{"href":"https:\/\/www.ebro-armaturen.com\/hu\/wp-json\/wp\/v2\/media?parent=112539"}],"wp:term":[{"taxonomy":"ecff_dokumentart","embeddable":true,"href":"https:\/\/www.ebro-armaturen.com\/hu\/wp-json\/wp\/v2\/ecff_dokumentart?post=112539"},{"taxonomy":"ecff_bauart","embeddable":true,"href":"https:\/\/www.ebro-armaturen.com\/hu\/wp-json\/wp\/v2\/ecff_bauart?post=112539"},{"taxonomy":"ecff_produktgruppe","embeddable":true,"href":"https:\/\/www.ebro-armaturen.com\/hu\/wp-json\/wp\/v2\/ecff_produktgruppe?post=112539"},{"taxonomy":"ecff_sprache","embeddable":true,"href":"https:\/\/www.ebro-armaturen.com\/hu\/wp-json\/wp\/v2\/ecff_sprache?post=112539"},{"taxonomy":"ecff_id","embeddable":true,"href":"https:\/\/www.ebro-armaturen.com\/hu\/wp-json\/wp\/v2\/ecff_id?post=112539"},{"taxonomy":"ecff_modell","embeddable":true,"href":"https:\/\/www.ebro-armaturen.com\/hu\/wp-json\/wp\/v2\/ecff_modell?post=112539"},{"taxonomy":"ecff_version","embeddable":true,"href":"https:\/\/www.ebro-armaturen.com\/hu\/wp-json\/wp\/v2\/ecff_version?post=112539"}],"curies":[{"name":"wp","href":"https:\/\/api.w.org\/{rel}","templated":true}]}}

Betriebsanleitung Zentrische Klappen weichdichtend Starpflanča tauriņvārstu Z011-A
