
{"id":109368,"date":"2026-04-09T19:03:55","date_gmt":"2026-04-09T17:03:55","guid":{"rendered":"https:\/\/www.ebro-armaturen.com\/ecff_document\/betriebsanleitung-antriebe-poeoerdajam-ohne-schaltkasten-4\/"},"modified":"2026-04-30T14:10:08","modified_gmt":"2026-04-30T12:10:08","slug":"betriebsanleitung-antriebe-poeoerdajam-ohne-schaltkasten-4","status":"publish","type":"ecff_document","link":"https:\/\/www.ebro-armaturen.com\/fr\/ecff_document\/betriebsanleitung-antriebe-poeoerdajam-ohne-schaltkasten-4\/","title":{"rendered":"Betriebsanleitung Bet\u00e4tigungen P\u00f6\u00f6rdajam ohne Schaltkasten"},"featured_media":0,"template":"","meta":{"_acf_changed":false},"ecff_dokumentart":[342],"ecff_bauart":[491],"ecff_produktgruppe":[756],"ecff_sprache":[389],"ecff_id":[432],"ecff_modell":[661],"ecff_version":[426],"class_list":["post-109368","ecff_document","type-ecff_document","status-publish","hentry","ecff_dokumentart-betriebsanleitung","ecff_bauart-poeoerdajam","ecff_produktgruppe-betaetigungen","ecff_sprache-et","ecff_id-432","ecff_modell-ohne-schaltkasten","ecff_version-1-0"],"acf":[],"_links":{"self":[{"href":"https:\/\/www.ebro-armaturen.com\/fr\/wp-json\/wp\/v2\/ecff_document\/109368"}],"collection":[{"href":"https:\/\/www.ebro-armaturen.com\/fr\/wp-json\/wp\/v2\/ecff_document"}],"about":[{"href":"https:\/\/www.ebro-armaturen.com\/fr\/wp-json\/wp\/v2\/types\/ecff_document"}],"wp:attachment":[{"href":"https:\/\/www.ebro-armaturen.com\/fr\/wp-json\/wp\/v2\/media?parent=109368"}],"wp:term":[{"taxonomy":"ecff_dokumentart","embeddable":true,"href":"https:\/\/www.ebro-armaturen.com\/fr\/wp-json\/wp\/v2\/ecff_dokumentart?post=109368"},{"taxonomy":"ecff_bauart","embeddable":true,"href":"https:\/\/www.ebro-armaturen.com\/fr\/wp-json\/wp\/v2\/ecff_bauart?post=109368"},{"taxonomy":"ecff_produktgruppe","embeddable":true,"href":"https:\/\/www.ebro-armaturen.com\/fr\/wp-json\/wp\/v2\/ecff_produktgruppe?post=109368"},{"taxonomy":"ecff_sprache","embeddable":true,"href":"https:\/\/www.ebro-armaturen.com\/fr\/wp-json\/wp\/v2\/ecff_sprache?post=109368"},{"taxonomy":"ecff_id","embeddable":true,"href":"https:\/\/www.ebro-armaturen.com\/fr\/wp-json\/wp\/v2\/ecff_id?post=109368"},{"taxonomy":"ecff_modell","embeddable":true,"href":"https:\/\/www.ebro-armaturen.com\/fr\/wp-json\/wp\/v2\/ecff_modell?post=109368"},{"taxonomy":"ecff_version","embeddable":true,"href":"https:\/\/www.ebro-armaturen.com\/fr\/wp-json\/wp\/v2\/ecff_version?post=109368"}],"curies":[{"name":"wp","href":"https:\/\/api.w.org\/{rel}","templated":true}]}}

Betriebsanleitung Betätigungen Pöördajam ohne Schaltkasten
