
{"id":121569,"date":"2026-04-09T21:41:38","date_gmt":"2026-04-09T19:41:38","guid":{"rendered":"https:\/\/www.ebro-armaturen.com\/ecff_document\/technisches-datenblatt-antriebe-lengohajtomu-ohne-schaltkasten\/"},"modified":"2026-04-09T21:41:38","modified_gmt":"2026-04-09T19:41:38","slug":"technisches-datenblatt-antriebe-lengohajtomu-ohne-schaltkasten","status":"publish","type":"ecff_document","link":"https:\/\/www.ebro-armaturen.com\/en\/ecff_document\/technisches-datenblatt-antriebe-lengohajtomu-ohne-schaltkasten\/","title":{"rendered":"Technisches Datenblatt Antriebe Leng\u0151hajt\u00f3m\u0171 ohne Schaltkasten"},"featured_media":0,"template":"","meta":{"_acf_changed":false},"ecff_dokumentart":[354],"ecff_bauart":[522],"ecff_produktgruppe":[431],"ecff_sprache":[348],"ecff_id":[653],"ecff_modell":[661],"ecff_version":[426],"class_list":["post-121569","ecff_document","type-ecff_document","status-publish","hentry","ecff_dokumentart-technisches-datenblatt","ecff_bauart-lengohajtomu","ecff_produktgruppe-antriebe","ecff_sprache-hu","ecff_id-653","ecff_modell-ohne-schaltkasten","ecff_version-1-0"],"acf":[],"_links":{"self":[{"href":"https:\/\/www.ebro-armaturen.com\/en\/wp-json\/wp\/v2\/ecff_document\/121569"}],"collection":[{"href":"https:\/\/www.ebro-armaturen.com\/en\/wp-json\/wp\/v2\/ecff_document"}],"about":[{"href":"https:\/\/www.ebro-armaturen.com\/en\/wp-json\/wp\/v2\/types\/ecff_document"}],"wp:attachment":[{"href":"https:\/\/www.ebro-armaturen.com\/en\/wp-json\/wp\/v2\/media?parent=121569"}],"wp:term":[{"taxonomy":"ecff_dokumentart","embeddable":true,"href":"https:\/\/www.ebro-armaturen.com\/en\/wp-json\/wp\/v2\/ecff_dokumentart?post=121569"},{"taxonomy":"ecff_bauart","embeddable":true,"href":"https:\/\/www.ebro-armaturen.com\/en\/wp-json\/wp\/v2\/ecff_bauart?post=121569"},{"taxonomy":"ecff_produktgruppe","embeddable":true,"href":"https:\/\/www.ebro-armaturen.com\/en\/wp-json\/wp\/v2\/ecff_produktgruppe?post=121569"},{"taxonomy":"ecff_sprache","embeddable":true,"href":"https:\/\/www.ebro-armaturen.com\/en\/wp-json\/wp\/v2\/ecff_sprache?post=121569"},{"taxonomy":"ecff_id","embeddable":true,"href":"https:\/\/www.ebro-armaturen.com\/en\/wp-json\/wp\/v2\/ecff_id?post=121569"},{"taxonomy":"ecff_modell","embeddable":true,"href":"https:\/\/www.ebro-armaturen.com\/en\/wp-json\/wp\/v2\/ecff_modell?post=121569"},{"taxonomy":"ecff_version","embeddable":true,"href":"https:\/\/www.ebro-armaturen.com\/en\/wp-json\/wp\/v2\/ecff_version?post=121569"}],"curies":[{"name":"wp","href":"https:\/\/api.w.org\/{rel}","templated":true}]}}

Technisches Datenblatt Antriebe Lengőhajtómű ohne Schaltkasten
