
{"id":121506,"date":"2026-04-09T21:41:10","date_gmt":"2026-04-09T19:41:10","guid":{"rendered":"https:\/\/www.ebro-armaturen.com\/ecff_document\/technisches-datenblatt-zentrische-klappen-weichdichtend-karimak-koeze-epitheto-pillangoszelep-wafer-z011-a-therm\/"},"modified":"2026-04-09T21:41:10","modified_gmt":"2026-04-09T19:41:10","slug":"technisches-datenblatt-zentrische-klappen-weichdichtend-karimak-koeze-epitheto-pillangoszelep-wafer-z011-a-therm","status":"publish","type":"ecff_document","link":"https:\/\/www.ebro-armaturen.com\/en\/ecff_document\/technisches-datenblatt-zentrische-klappen-weichdichtend-karimak-koeze-epitheto-pillangoszelep-wafer-z011-a-therm\/","title":{"rendered":"Technisches Datenblatt Zentrische Klappen weichdichtend Karim\u00e1k k\u00f6z\u00e9 \u00e9p\u00edthet\u0151 pillang\u00f3szelep (WAFER) Z011-A THERM"},"featured_media":0,"template":"","meta":{"_acf_changed":false},"ecff_dokumentart":[354],"ecff_bauart":[397],"ecff_produktgruppe":[366],"ecff_sprache":[348],"ecff_id":[648],"ecff_modell":[370],"ecff_version":[426],"class_list":["post-121506","ecff_document","type-ecff_document","status-publish","hentry","ecff_dokumentart-technisches-datenblatt","ecff_bauart-karimak-koeze-epitheto-pillangoszelep-wafer","ecff_produktgruppe-zentrische-klappen-weichdichtend","ecff_sprache-hu","ecff_id-648","ecff_modell-z011-a-therm","ecff_version-1-0"],"acf":[],"_links":{"self":[{"href":"https:\/\/www.ebro-armaturen.com\/en\/wp-json\/wp\/v2\/ecff_document\/121506"}],"collection":[{"href":"https:\/\/www.ebro-armaturen.com\/en\/wp-json\/wp\/v2\/ecff_document"}],"about":[{"href":"https:\/\/www.ebro-armaturen.com\/en\/wp-json\/wp\/v2\/types\/ecff_document"}],"wp:attachment":[{"href":"https:\/\/www.ebro-armaturen.com\/en\/wp-json\/wp\/v2\/media?parent=121506"}],"wp:term":[{"taxonomy":"ecff_dokumentart","embeddable":true,"href":"https:\/\/www.ebro-armaturen.com\/en\/wp-json\/wp\/v2\/ecff_dokumentart?post=121506"},{"taxonomy":"ecff_bauart","embeddable":true,"href":"https:\/\/www.ebro-armaturen.com\/en\/wp-json\/wp\/v2\/ecff_bauart?post=121506"},{"taxonomy":"ecff_produktgruppe","embeddable":true,"href":"https:\/\/www.ebro-armaturen.com\/en\/wp-json\/wp\/v2\/ecff_produktgruppe?post=121506"},{"taxonomy":"ecff_sprache","embeddable":true,"href":"https:\/\/www.ebro-armaturen.com\/en\/wp-json\/wp\/v2\/ecff_sprache?post=121506"},{"taxonomy":"ecff_id","embeddable":true,"href":"https:\/\/www.ebro-armaturen.com\/en\/wp-json\/wp\/v2\/ecff_id?post=121506"},{"taxonomy":"ecff_modell","embeddable":true,"href":"https:\/\/www.ebro-armaturen.com\/en\/wp-json\/wp\/v2\/ecff_modell?post=121506"},{"taxonomy":"ecff_version","embeddable":true,"href":"https:\/\/www.ebro-armaturen.com\/en\/wp-json\/wp\/v2\/ecff_version?post=121506"}],"curies":[{"name":"wp","href":"https:\/\/api.w.org\/{rel}","templated":true}]}}

Technisches Datenblatt Zentrische Klappen weichdichtend Karimák közé építhető pillangószelep (WAFER) Z011-A THERM
